= 0 + 3. Suppose 6*n = n - y, -4*y = j*n. Suppose -15 = -5*i - n*i. List the prime factors of i.
3
Suppose -2*p - 3*v = -115, -2*p - 4*v + 120 = -2*v. Suppose 7*n - p = 2*n. List the prime factors of n.
13
Let l(u) = -u**2 + 3*u + 2. Let a be l(5). Let x = a + 16. What are the prime factors of x?
2
Suppose -2*g = 4*t - 16, 10 = -g + 6*g. Suppose -m = -5, -2*n + 42 = t*m - 7. List the prime factors of n.
17
Suppose 0 = -4*b + j + 95, b + j = 3*j + 15. List the prime factors of b.
5
Let m(x) = -x + 3*x - 3*x + 1. Let r be m(-5). Let f = -3 + r. What are the prime factors of f?
3
Let c(o) = -o**2 - 8*o - 6. Let n be c(-6). Suppose n*f = 3*f. Suppose -2*x + x + 12 = f. List the prime factors of x.
2, 3
Suppose -184 = -c + 3*t, -2*c - t + 5*t + 370 = 0. What are the prime factors of c?
11, 17
Suppose 4*u - 9 = 3*u. List the prime factors of u.
3
Let j = -2 - -3. Let y be 0/(-1) - j*-22. Suppose -t - y = -3*t. List the prime factors of t.
11
Suppose 21 = -4*m + 61. Let d be (5/m)/(1/(-50)). Let s = -17 - d. List the prime factors of s.
2
Suppose q = -4*o - 16, q - 6*q + 45 = -5*o. Suppose -4*t = -t - 9. Suppose -4*p - 3*g = p - 40, q*p - t*g = 59. List the prime factors of p.
11
Let d(x) = 5*x**2 + 8*x + 13. Let n(w) = -9*w**2 - 15*w - 25. Let z(i) = 11*d(i) + 6*n(i). List the prime factors of z(5).
2
Let c = 18 + -3. Suppose 6*l = l + c. What are the prime factors of l?
3
Let g(j) = -j**3 + 10*j**2 + 16*j - 21. List the prime factors of g(10).
139
Let l = 415 - 224. What are the prime factors of l?
191
Suppose 5*k = 3*h - 7*h + 636, 0 = k - 5*h - 133. List the prime factors of k.
2
Suppose 2*h - q + 2 = 5, q = 1. List the prime factors of h.
2
Let g = 3 - -75. List the prime factors of g.
2, 3, 13
Let g = -4 - 14. Let v = g - -30. List the prime factors of v.
2, 3
Suppose 0 = 4*u - 2 - 2, -3*u + 103 = 2*t. Suppose 0 = -2*s - 3*s + t. Let z = s - -1. What are the prime factors of z?
11
Let g = -1 + -2. Let b(v) = -v**2 + 2*v - 5. Let y(k) = -k**2 + k - 4. Let z(q) = 2*b(q) - 3*y(q). What are the prime factors of z(g)?
2
Let y = -31 - -49. Suppose -3*h = 15, -t + 3*h + y = -0*h. Suppose -5*m + 15 = -t*g - 42, -2*m + 30 = -3*g. What are the prime factors of m?
3
Suppose 3*j - 15 = -0*j. Let m = j - 1. List the prime factors of m.
2
Suppose 184 = -2*f + 6*f. List the prime factors of f.
2, 23
Let h(k) = -4*k**3 - 2*k**2 + 1. Let n be h(-1). Suppose -n*l - 4 = 2*z - 7*l, -20 = -4*l. List the prime factors of z.
2
Suppose 0 = -0*q + 5*q - 525. List the prime factors of q.
3, 5, 7
Suppose 5*f + 4*u - 237 = u, -5*f + 3*u + 213 = 0. Let v = -10 + f. List the prime factors of v.
5, 7
Let q be 18/6 - 1/1. Suppose -q*w + 26 + 22 = 0. What are the prime factors of w?
2, 3
Let i be 16/10 + (-4)/(-10). Suppose 14 = 4*j + 5*v, -i*v = 4*j - 4*v. What are the prime factors of (-18)/(j - (1 + 2))?
3
Let y(a) = -a**2 + 5*a + 21. What are the prime factors of y(0)?
3, 7
Suppose 3*a - 9 = 0, f = 2*f + 3*a - 40. Suppose -105 = -5*k + 2*u, -3*k = -3*u - f - 23. Let j = k - 9. List the prime factors of j.
2, 7
Suppose -5*f - 5*i = -2065, 0 = i - 0 - 2. What are the prime factors of f?
3, 137
Suppose -10*p - 130 = -15*p. List the prime factors of p.
2, 13
Suppose -5*m - 8 = -2*a, -3*m - 2*a = -1 - 7. Suppose -q + m*q + 47 = 0. List the prime factors of q.
47
Let r(j) = j**2 + 9*j - 8. What are the prime factors of r(-11)?
2, 7
Let m(w) = w + 4. Let r(x) = -2*x - 6. Let i(a) = 7*m(a) + 5*r(a). What are the prime factors of i(-5)?
13
Suppose 5*h - 894 = 3*y, 0*h + 362 = 2*h + y. List the prime factors of h.
2, 3, 5
Suppose 12*z - 10*z - 4 = 0. Suppose h + 2*h = 3. Suppose z*a = -h + 7. What are the prime factors of a?
3
Suppose 0*y - 5*o = y + 3, -o - 3 = y. Let b = 9 + y. List the prime factors of b.
2, 3
Suppose v - 3*h - 2 = 0, 4*h = h. Let m(d) = 16*d**2 - 3 - 2*d**v + 4 - 2. List the prime factors of m(1).
13
Suppose 3*i = o - 19, -o + 5*i + 2 = -15. Let w = -10 + 6. What are the prime factors of (-1)/2 - o/w?
5
Let t be 1 - 4/(4/(-3)). Suppose -3*p - 5*b + 16 + 19 = 0, p - t*b + 11 = 0. Suppose 2*n = 2*z + z - 21, -p*z + 60 = 5*n. List the prime factors of z.
3
Let t be 2/12 - (-5)/6. List the prime factors of 270/25 - t/(-5).
11
Let c = 1 - -39. What are the prime factors of c?
2, 5
Let q = 7 - 5. Let g(o) = -o + 4. Let f be g(q). Suppose 0 = -4*m + 8, -7*m = 4*v - f*m - 42. List the prime factors of v.
2
Let a be 14/12 - 8/48. Let l be -1 + 1 + 0/(-1). Suppose 3*m - 13 + a = l. List the prime factors of m.
2
Suppose 14*x = 10*x + 192. What are the prime factors of x?
2, 3
Let q(f) be the first derivative of 9*f**2 - f - 4. List the prime factors of q(2).
5, 7
Suppose -7 = 4*k - 23. List the prime factors of k.
2
Suppose 0*m - 10 = -2*m. Suppose -b = c - 7, -3*b + m*c - 2 = 1. Suppose -z + b = 2*g, -3*z + 4*z + 5 = -5*g. List the prime factors of z.
2, 5
Let q(j) be the first derivative of -j**4/4 - 3*j**3 - 5*j**2 - 3*j - 2. List the prime factors of q(-8).
13
Suppose 0 = 2*d + 1 - 7. Suppose 0 = d*m + m - 12. Suppose -5*z = 5*f, m*f - 9 = f + z. List the prime factors of f.
3
Suppose 224 + 352 = 6*u. List the prime factors of u.
2, 3
Let u be 136*1*3/(-2). What are the prime factors of ((-2)/(-3))/((-8)/u)?
17
Suppose -2*s + 24 = -4*s. List the prime factors of s/(-9)*(0 - -3).
2
Let w(b) = b + 2. Let j be w(-2). Suppose j*h - 3*h - 98 = -5*x, 4*h - 34 = -2*x. What are the prime factors of x?
19
Let m(l) = l + 3. Let c be m(0). Suppose -c = 2*s - 39. What are the prime factors of s?
2, 3
Suppose 2*o - 152 = -6*o. What are the prime factors of o?
19
Suppose 39 = -3*g + 9. What are the prime factors of g/(-6)*(-9)/(-3)?
5
Let t(a) = -a. Let i be t(-5). Suppose 0 = -2*b + 9*p - 4*p - i, 55 = -4*b - 5*p. List the prime factors of 3 - 3 - b/2.
5
Let l(h) = -h**3 - 6*h**2 - h - 4. Let w be 0 + 2/2*-6. Let a be l(w). What are the prime factors of a*(11/2 - 2)?
7
Let h(c) be the first derivative of c**3/3 + 5*c**2/2 - 5*c + 1. Let y be h(-6). Suppose -q + y = 0, 3*w - q - 2*q - 12 = 0. List the prime factors of w.
5
Let b(u) = 9*u - 3. Suppose 0 = 5*s - 4*s - 4. Suppose 2 = -5*d - 4*t, s*t + 12 = -0*t. What are the prime factors of b(d)?
3, 5
Let k be 6/33 - (-372)/11. Let b = k - 17. List the prime factors of b.
17
Let k = 13 - 33. Let y = k - -25. List the prime factors of y.
5
Let y = 0 - -3. Let k(z) = 5*z + 3. What are the prime factors of k(y)?
2, 3
Let b = 8 - 5. Suppose 5*c - 5*n = -15, 0 = b*c + 3*n - 0*n - 21. Suppose d + c*k - 12 = 0, 17 + 13 = 2*d - 2*k. List the prime factors of d.
2, 7
Let g be (-16)/(-6)*24 - -3. Let d = -48 + g. Suppose 0*j - j = -d. What are the prime factors of j?
19
Let i(z) = z**3 + 7*z**2 + 7*z + 5. Let x be i(-4). Suppose -4*g + x = g. What are the prime factors of g?
5
Suppose -3*l + 6*l - 402 = 0. What are the prime factors of l?
2, 67
Let a = -59 + 88. List the prime factors of a.
29
Let r(t) = t**2 + 2*t + 1. Let h be r(5). Suppose 3*d = -5*f + h + 7, -2*f - 7 = -d. What are the prime factors of d?
11
Let a be 1 + 4/((-4)/3). List the prime factors of (1 - -26)*a/(-2).
3
Let i be (-5)/(-10) + 26/4. Suppose -2*k = -5 - i. Let w(u) = u**2 - 3*u - 7. What are the prime factors of w(k)?
11
Let m be (4/(-8))/(2/(-96)). List the prime factors of -5*m/(-100)*5.
2, 3
Suppose -4*m + 388 = 4*f, 8*m + f - 469 = 3*m. What are the prime factors of m?
3, 31
Suppose 0 = 3*l - n - 0*n - 8, 4*l = 4*n + 8. Let h(r) = -r**2 - 8*r + 5. Let u be h(-7). Suppose -u = -l*x + 12. List the prime factors of x.
2
Let u(f) = f**3 + 30*f**2 - 34*f + 74. What are the prime factors of u(-31)?
167
Suppose 1777 - 233 = 8*r. List the prime factors of r.
193
Let v = -37 - -62. List the prime factors of v.
5
Let n(f) = -3 + 10*f**3 + 4 - 5 + 5. What are the prime factors of n(1)?
11
Suppose 0 = 3*r - 2 - 4. Suppose -r*h + 5 = -15. What are the prime factors of h?
2, 5
List the prime factors of (-526)/(-14) - (-48)/(-84).
37
Let u(z) = z**2 - 3*z - 4. Let y be u(4). Let q(j) = -j**3 - j**2 + j + 9. What are the prime factors of q(y)?
3
Suppose -6*b = 10*b - 5280. What are the prime factors of b?
2, 3, 5, 11
Let h be (-1 - 177/15)*-5. Let b = h + -32. What are the prime factors of b?
2
Let d(k) = 2*k**2 + 15*k - 15. List the prime factors of d(-12).
3, 31
What are t